{"id":8836,"date":"2026-04-13T20:00:09","date_gmt":"2026-04-13T18:00:09","guid":{"rendered":"https:\/\/www.odense.fr\/?post_type=product&#038;p=8836"},"modified":"2026-04-12T17:03:44","modified_gmt":"2026-04-12T15:03:44","slug":"boucles-doreilles-verde","status":"publish","type":"product","link":"https:\/\/www.odense.fr\/en\/product\/boucles-doreilles-verde\/","title":{"rendered":"Boucles d&#8217;oreilles Verde"},"content":{"rendered":"<p>Ces boucles d\u2019oreilles pendantes sont d\u2019une \u00e9l\u00e9gance certaine. A\u00e9riennes et l\u00e9g\u00e8res, elles apportent une touche d\u2019\u00e9l\u00e9gance \u00e0 une tenue en un geste.<\/p>\n","protected":false},"excerpt":{"rendered":"<p>Ces boucles d\u2019oreilles pendantes sont d\u2019une \u00e9l\u00e9gance certaine. A\u00e9riennes et l\u00e9g\u00e8res, elles apportent une touche d\u2019\u00e9l\u00e9gance \u00e0 une tenue en un geste.<\/p>\n","protected":false},"featured_media":8840,"comment_status":"open","ping_status":"closed","template":"","meta":{"_acf_changed":false},"product_brand":[],"product_cat":[70],"product_tag":[235],"class_list":{"0":"post-8836","1":"product","2":"type-product","3":"status-publish","4":"has-post-thumbnail","6":"product_cat-boucles-doreilles","7":"product_tag-jade-jadeite-beurre-olive","9":"first","10":"instock","11":"taxable","12":"shipping-taxable","13":"purchasable","14":"product-type-simple"},"acf":[],"yoast_head":"<!-- This site is optimized with the Yoast SEO plugin v27.4 - https:\/\/yoast.com\/product\/yoast-seo-wordpress\/ -->\n<title>Boucles d&#039;oreilles Verde - Odense<\/title>\n<meta name=\"description\" content=\"Ces boucles d\u2019oreilles pendantes sont d\u2019une \u00e9l\u00e9gance certaine. A\u00e9riennes et l\u00e9g\u00e8res, elles apportent une touche d\u2019\u00e9l\u00e9gance \u00e0 une tenue en un geste.\" \/>\n<meta name=\"robots\" content=\"index, follow, max-snippet:-1, max-image-preview:large, max-video-preview:-1\" \/>\n<link rel=\"canonical\" href=\"https:\/\/www.odense.fr\/en\/product\/boucles-doreilles-verde\/\" \/>\n<meta property=\"og:locale\" content=\"en_US\" \/>\n<meta property=\"og:type\" content=\"article\" \/>\n<meta property=\"og:title\" content=\"Boucles d&#039;oreilles Verde - Odense\" \/>\n<meta property=\"og:description\" content=\"Ces boucles d\u2019oreilles pendantes sont d\u2019une \u00e9l\u00e9gance certaine. A\u00e9riennes et l\u00e9g\u00e8res, elles apportent une touche d\u2019\u00e9l\u00e9gance \u00e0 une tenue en un geste.\" \/>\n<meta property=\"og:url\" content=\"https:\/\/www.odense.fr\/en\/product\/boucles-doreilles-verde\/\" \/>\n<meta property=\"og:site_name\" content=\"Odense\" \/>\n<meta property=\"og:image\" content=\"https:\/\/www.odense.fr\/wp-content\/uploads\/2026\/04\/BO-Verde-portees-site-web.jpg\" \/>\n\t<meta property=\"og:image:width\" content=\"2000\" \/>\n\t<meta property=\"og:image:height\" content=\"2000\" \/>\n\t<meta property=\"og:image:type\" content=\"image\/jpeg\" \/>\n<meta name=\"twitter:card\" content=\"summary_large_image\" \/>\n<meta name=\"twitter:label1\" content=\"Est. reading time\" \/>\n\t<meta name=\"twitter:data1\" content=\"1 minute\" \/>\n<script type=\"application\/ld+json\" class=\"yoast-schema-graph\">{\"@context\":\"https:\\\/\\\/schema.org\",\"@graph\":[{\"@type\":\"WebPage\",\"@id\":\"https:\\\/\\\/www.odense.fr\\\/en\\\/product\\\/boucles-doreilles-verde\\\/\",\"url\":\"https:\\\/\\\/www.odense.fr\\\/en\\\/product\\\/boucles-doreilles-verde\\\/\",\"name\":\"Boucles d'oreilles Verde - Odense\",\"isPartOf\":{\"@id\":\"https:\\\/\\\/www.odense.fr\\\/en\\\/#website\"},\"primaryImageOfPage\":{\"@id\":\"https:\\\/\\\/www.odense.fr\\\/en\\\/product\\\/boucles-doreilles-verde\\\/#primaryimage\"},\"image\":{\"@id\":\"https:\\\/\\\/www.odense.fr\\\/en\\\/product\\\/boucles-doreilles-verde\\\/#primaryimage\"},\"thumbnailUrl\":\"https:\\\/\\\/www.odense.fr\\\/wp-content\\\/uploads\\\/2026\\\/04\\\/BO-Verde-portees-site-web.jpg\",\"datePublished\":\"2026-04-13T18:00:09+00:00\",\"description\":\"Ces boucles d\u2019oreilles pendantes sont d\u2019une \u00e9l\u00e9gance certaine. A\u00e9riennes et l\u00e9g\u00e8res, elles apportent une touche d\u2019\u00e9l\u00e9gance \u00e0 une tenue en un geste.\",\"breadcrumb\":{\"@id\":\"https:\\\/\\\/www.odense.fr\\\/en\\\/product\\\/boucles-doreilles-verde\\\/#breadcrumb\"},\"inLanguage\":\"en-US\",\"potentialAction\":[{\"@type\":\"ReadAction\",\"target\":[\"https:\\\/\\\/www.odense.fr\\\/en\\\/product\\\/boucles-doreilles-verde\\\/\"]}]},{\"@type\":\"ImageObject\",\"inLanguage\":\"en-US\",\"@id\":\"https:\\\/\\\/www.odense.fr\\\/en\\\/product\\\/boucles-doreilles-verde\\\/#primaryimage\",\"url\":\"https:\\\/\\\/www.odense.fr\\\/wp-content\\\/uploads\\\/2026\\\/04\\\/BO-Verde-portees-site-web.jpg\",\"contentUrl\":\"https:\\\/\\\/www.odense.fr\\\/wp-content\\\/uploads\\\/2026\\\/04\\\/BO-Verde-portees-site-web.jpg\",\"width\":2000,\"height\":2000},{\"@type\":\"BreadcrumbList\",\"@id\":\"https:\\\/\\\/www.odense.fr\\\/en\\\/product\\\/boucles-doreilles-verde\\\/#breadcrumb\",\"itemListElement\":[{\"@type\":\"ListItem\",\"position\":1,\"name\":\"Accueil\",\"item\":\"https:\\\/\\\/www.odense.fr\\\/en\\\/\"},{\"@type\":\"ListItem\",\"position\":2,\"name\":\"Products\",\"item\":\"https:\\\/\\\/www.odense.fr\\\/en\\\/shop\\\/\"},{\"@type\":\"ListItem\",\"position\":3,\"name\":\"Boucles d&rsquo;oreilles Verde\"}]},{\"@type\":\"WebSite\",\"@id\":\"https:\\\/\\\/www.odense.fr\\\/en\\\/#website\",\"url\":\"https:\\\/\\\/www.odense.fr\\\/en\\\/\",\"name\":\"Odense\",\"description\":\"Retrouvez notre gamme de bijoux\",\"publisher\":{\"@id\":\"https:\\\/\\\/www.odense.fr\\\/en\\\/#organization\"},\"potentialAction\":[{\"@type\":\"SearchAction\",\"target\":{\"@type\":\"EntryPoint\",\"urlTemplate\":\"https:\\\/\\\/www.odense.fr\\\/en\\\/?s={search_term_string}\"},\"query-input\":{\"@type\":\"PropertyValueSpecification\",\"valueRequired\":true,\"valueName\":\"search_term_string\"}}],\"inLanguage\":\"en-US\"},{\"@type\":\"Organization\",\"@id\":\"https:\\\/\\\/www.odense.fr\\\/en\\\/#organization\",\"name\":\"ODENSE\",\"url\":\"https:\\\/\\\/www.odense.fr\\\/en\\\/\",\"logo\":{\"@type\":\"ImageObject\",\"inLanguage\":\"en-US\",\"@id\":\"https:\\\/\\\/www.odense.fr\\\/en\\\/#\\\/schema\\\/logo\\\/image\\\/\",\"url\":\"https:\\\/\\\/www.odense.fr\\\/wp-content\\\/uploads\\\/2020\\\/09\\\/Logo-Odense-Final-l-01@3x.png\",\"contentUrl\":\"https:\\\/\\\/www.odense.fr\\\/wp-content\\\/uploads\\\/2020\\\/09\\\/Logo-Odense-Final-l-01@3x.png\",\"width\":2560,\"height\":949,\"caption\":\"ODENSE\"},\"image\":{\"@id\":\"https:\\\/\\\/www.odense.fr\\\/en\\\/#\\\/schema\\\/logo\\\/image\\\/\"}}]}<\/script>\n<!-- \/ Yoast SEO plugin. -->","yoast_head_json":{"title":"Boucles d'oreilles Verde - Odense","description":"Ces boucles d\u2019oreilles pendantes sont d\u2019une \u00e9l\u00e9gance certaine. A\u00e9riennes et l\u00e9g\u00e8res, elles apportent une touche d\u2019\u00e9l\u00e9gance \u00e0 une tenue en un geste.","robots":{"index":"index","follow":"follow","max-snippet":"max-snippet:-1","max-image-preview":"max-image-preview:large","max-video-preview":"max-video-preview:-1"},"canonical":"https:\/\/www.odense.fr\/en\/product\/boucles-doreilles-verde\/","og_locale":"en_US","og_type":"article","og_title":"Boucles d'oreilles Verde - Odense","og_description":"Ces boucles d\u2019oreilles pendantes sont d\u2019une \u00e9l\u00e9gance certaine. A\u00e9riennes et l\u00e9g\u00e8res, elles apportent une touche d\u2019\u00e9l\u00e9gance \u00e0 une tenue en un geste.","og_url":"https:\/\/www.odense.fr\/en\/product\/boucles-doreilles-verde\/","og_site_name":"Odense","og_image":[{"width":2000,"height":2000,"url":"https:\/\/www.odense.fr\/wp-content\/uploads\/2026\/04\/BO-Verde-portees-site-web.jpg","type":"image\/jpeg"}],"twitter_card":"summary_large_image","twitter_misc":{"Est. reading time":"1 minute"},"schema":{"@context":"https:\/\/schema.org","@graph":[{"@type":"WebPage","@id":"https:\/\/www.odense.fr\/en\/product\/boucles-doreilles-verde\/","url":"https:\/\/www.odense.fr\/en\/product\/boucles-doreilles-verde\/","name":"Boucles d'oreilles Verde - Odense","isPartOf":{"@id":"https:\/\/www.odense.fr\/en\/#website"},"primaryImageOfPage":{"@id":"https:\/\/www.odense.fr\/en\/product\/boucles-doreilles-verde\/#primaryimage"},"image":{"@id":"https:\/\/www.odense.fr\/en\/product\/boucles-doreilles-verde\/#primaryimage"},"thumbnailUrl":"https:\/\/www.odense.fr\/wp-content\/uploads\/2026\/04\/BO-Verde-portees-site-web.jpg","datePublished":"2026-04-13T18:00:09+00:00","description":"Ces boucles d\u2019oreilles pendantes sont d\u2019une \u00e9l\u00e9gance certaine. A\u00e9riennes et l\u00e9g\u00e8res, elles apportent une touche d\u2019\u00e9l\u00e9gance \u00e0 une tenue en un geste.","breadcrumb":{"@id":"https:\/\/www.odense.fr\/en\/product\/boucles-doreilles-verde\/#breadcrumb"},"inLanguage":"en-US","potentialAction":[{"@type":"ReadAction","target":["https:\/\/www.odense.fr\/en\/product\/boucles-doreilles-verde\/"]}]},{"@type":"ImageObject","inLanguage":"en-US","@id":"https:\/\/www.odense.fr\/en\/product\/boucles-doreilles-verde\/#primaryimage","url":"https:\/\/www.odense.fr\/wp-content\/uploads\/2026\/04\/BO-Verde-portees-site-web.jpg","contentUrl":"https:\/\/www.odense.fr\/wp-content\/uploads\/2026\/04\/BO-Verde-portees-site-web.jpg","width":2000,"height":2000},{"@type":"BreadcrumbList","@id":"https:\/\/www.odense.fr\/en\/product\/boucles-doreilles-verde\/#breadcrumb","itemListElement":[{"@type":"ListItem","position":1,"name":"Accueil","item":"https:\/\/www.odense.fr\/en\/"},{"@type":"ListItem","position":2,"name":"Products","item":"https:\/\/www.odense.fr\/en\/shop\/"},{"@type":"ListItem","position":3,"name":"Boucles d&rsquo;oreilles Verde"}]},{"@type":"WebSite","@id":"https:\/\/www.odense.fr\/en\/#website","url":"https:\/\/www.odense.fr\/en\/","name":"Odense","description":"Retrouvez notre gamme de bijoux","publisher":{"@id":"https:\/\/www.odense.fr\/en\/#organization"},"potentialAction":[{"@type":"SearchAction","target":{"@type":"EntryPoint","urlTemplate":"https:\/\/www.odense.fr\/en\/?s={search_term_string}"},"query-input":{"@type":"PropertyValueSpecification","valueRequired":true,"valueName":"search_term_string"}}],"inLanguage":"en-US"},{"@type":"Organization","@id":"https:\/\/www.odense.fr\/en\/#organization","name":"ODENSE","url":"https:\/\/www.odense.fr\/en\/","logo":{"@type":"ImageObject","inLanguage":"en-US","@id":"https:\/\/www.odense.fr\/en\/#\/schema\/logo\/image\/","url":"https:\/\/www.odense.fr\/wp-content\/uploads\/2020\/09\/Logo-Odense-Final-l-01@3x.png","contentUrl":"https:\/\/www.odense.fr\/wp-content\/uploads\/2020\/09\/Logo-Odense-Final-l-01@3x.png","width":2560,"height":949,"caption":"ODENSE"},"image":{"@id":"https:\/\/www.odense.fr\/en\/#\/schema\/logo\/image\/"}}]}},"_links":{"self":[{"href":"https:\/\/www.odense.fr\/en\/wp-json\/wp\/v2\/product\/8836","targetHints":{"allow":["GET"]}}],"collection":[{"href":"https:\/\/www.odense.fr\/en\/wp-json\/wp\/v2\/product"}],"about":[{"href":"https:\/\/www.odense.fr\/en\/wp-json\/wp\/v2\/types\/product"}],"replies":[{"embeddable":true,"href":"https:\/\/www.odense.fr\/en\/wp-json\/wp\/v2\/comments?post=8836"}],"wp:featuredmedia":[{"embeddable":true,"href":"https:\/\/www.odense.fr\/en\/wp-json\/wp\/v2\/media\/8840"}],"wp:attachment":[{"href":"https:\/\/www.odense.fr\/en\/wp-json\/wp\/v2\/media?parent=8836"}],"wp:term":[{"taxonomy":"product_brand","embeddable":true,"href":"https:\/\/www.odense.fr\/en\/wp-json\/wp\/v2\/product_brand?post=8836"},{"taxonomy":"product_cat","embeddable":true,"href":"https:\/\/www.odense.fr\/en\/wp-json\/wp\/v2\/product_cat?post=8836"},{"taxonomy":"product_tag","embeddable":true,"href":"https:\/\/www.odense.fr\/en\/wp-json\/wp\/v2\/product_tag?post=8836"}],"curies":[{"name":"wp","href":"https:\/\/api.w.org\/{rel}","templated":true}]}}

<p>Ces boucles d’oreilles pendantes sont d’une élégance certaine. Aériennes et légères, elles apportent une touche d’élégance à une tenue en un geste.</p>

<!-- This site is optimized with the Yoast SEO plugin v27.4 - https://yoast.com/product/yoast-seo-wordpress/ -->
<title>Boucles d&#039;oreilles Verde - Odense</title>
<meta name="description" content="Ces boucles d’oreilles pendantes sont d’une élégance certaine. Aériennes et légères, elles apportent une touche d’élégance à une tenue en un geste." />
<meta name="robots" content="index, follow, max-snippet:-1, max-image-preview:large, max-video-preview:-1" />
<link rel="canonical" href="https://www.odense.fr/en/product/boucles-doreilles-verde/" />
<meta property="og:locale" content="en_US" />
<meta property="og:type" content="article" />
<meta property="og:title" content="Boucles d&#039;oreilles Verde - Odense" />
<meta property="og:description" content="Ces boucles d’oreilles pendantes sont d’une élégance certaine. Aériennes et légères, elles apportent une touche d’élégance à une tenue en un geste." />
<meta property="og:url" content="https://www.odense.fr/en/product/boucles-doreilles-verde/" />
<meta property="og:site_name" content="Odense" />
<meta property="og:image" content="https://www.odense.fr/wp-content/uploads/2026/04/BO-Verde-portees-site-web.jpg" />
	<meta property="og:image:width" content="2000" />
	<meta property="og:image:height" content="2000" />
	<meta property="og:image:type" content="image/jpeg" />
<meta name="twitter:card" content="summary_large_image" />
<meta name="twitter:label1" content="Est. reading time" />
	<meta name="twitter:data1" content="1 minute" />
<script type="application/ld+json" class="yoast-schema-graph">{"@context":"https:\/\/schema.org","@graph":[{"@type":"WebPage","@id":"https:\/\/www.odense.fr\/en\/product\/boucles-doreilles-verde\/","url":"https:\/\/www.odense.fr\/en\/product\/boucles-doreilles-verde\/","name":"Boucles d'oreilles Verde - Odense","isPartOf":{"@id":"https:\/\/www.odense.fr\/en\/#website"},"primaryImageOfPage":{"@id":"https:\/\/www.odense.fr\/en\/product\/boucles-doreilles-verde\/#primaryimage"},"image":{"@id":"https:\/\/www.odense.fr\/en\/product\/boucles-doreilles-verde\/#primaryimage"},"thumbnailUrl":"https:\/\/www.odense.fr\/wp-content\/uploads\/2026\/04\/BO-Verde-portees-site-web.jpg","datePublished":"2026-04-13T18:00:09+00:00","description":"Ces boucles d’oreilles pendantes sont d’une élégance certaine. Aériennes et légères, elles apportent une touche d’élégance à une tenue en un geste.","breadcrumb":{"@id":"https:\/\/www.odense.fr\/en\/product\/boucles-doreilles-verde\/#breadcrumb"},"inLanguage":"en-US","potentialAction":[{"@type":"ReadAction","target":["https:\/\/www.odense.fr\/en\/product\/boucles-doreilles-verde\/"]}]},{"@type":"ImageObject","inLanguage":"en-US","@id":"https:\/\/www.odense.fr\/en\/product\/boucles-doreilles-verde\/#primaryimage","url":"https:\/\/www.odense.fr\/wp-content\/uploads\/2026\/04\/BO-Verde-portees-site-web.jpg","contentUrl":"https:\/\/www.odense.fr\/wp-content\/uploads\/2026\/04\/BO-Verde-portees-site-web.jpg","width":2000,"height":2000},{"@type":"BreadcrumbList","@id":"https:\/\/www.odense.fr\/en\/product\/boucles-doreilles-verde\/#breadcrumb","itemListElement":[{"@type":"ListItem","position":1,"name":"Accueil","item":"https:\/\/www.odense.fr\/en\/"},{"@type":"ListItem","position":2,"name":"Products","item":"https:\/\/www.odense.fr\/en\/shop\/"},{"@type":"ListItem","position":3,"name":"Boucles d&rsquo;oreilles Verde"}]},{"@type":"WebSite","@id":"https:\/\/www.odense.fr\/en\/#website","url":"https:\/\/www.odense.fr\/en\/","name":"Odense","description":"Retrouvez notre gamme de bijoux","publisher":{"@id":"https:\/\/www.odense.fr\/en\/#organization"},"potentialAction":[{"@type":"SearchAction","target":{"@type":"EntryPoint","urlTemplate":"https:\/\/www.odense.fr\/en\/?s={search_term_string}"},"query-input":{"@type":"PropertyValueSpecification","valueRequired":true,"valueName":"search_term_string"}}],"inLanguage":"en-US"},{"@type":"Organization","@id":"https:\/\/www.odense.fr\/en\/#organization","name":"ODENSE","url":"https:\/\/www.odense.fr\/en\/","logo":{"@type":"ImageObject","inLanguage":"en-US","@id":"https:\/\/www.odense.fr\/en\/#\/schema\/logo\/image\/","url":"https:\/\/www.odense.fr\/wp-content\/uploads\/2020\/09\/Logo-Odense-Final-l-01@3x.png","contentUrl":"https:\/\/www.odense.fr\/wp-content\/uploads\/2020\/09\/Logo-Odense-Final-l-01@3x.png","width":2560,"height":949,"caption":"ODENSE"},"image":{"@id":"https:\/\/www.odense.fr\/en\/#\/schema\/logo\/image\/"}}]}</script>
<!-- / Yoast SEO plugin. -->

Ces boucles d’oreilles pendantes sont d’une élégance certaine. Aériennes et légères, elles apportent une touche d’élégance à une tenue en un geste.
